be the third derivative of n**5/60 + 7*n**4/24 - n**3/3 + 2*n**2. Let c = -332 - -325. Give i(c).
-2
Let s(x) = -2*x**3 - x. Let o(p) = p**2 - 5*p + 3. Let l be o(1). Give s(l).
3
Let y = -321 - -317. Let w = 3 - 1. Let o(j) = 2*j**2 - 3*j - 3*j**2 - j - w. Determine o(y).
-2
Suppose 4*j + 2 = 2*m, 3*j - 5*m + 11 = -j. Suppose 6*d + 5 = -j. Let y(v) = -4*v**2 - v - 2 + 4*v**3 + 1 + 3*v**2. Calculate y(d).
-5
Let b(s) = -182*s**2 + 0*s + 189*s**2 - 2*s + s. Let i(r) = r. Let g be (-2 - (-4 + 3))/1. Let m be i(g). Determine b(m).
8
Let q(p) = 4*p - 8*p - 5 + 3*p. Let c(r) be the second derivative of r**3/6 - 8*r**2 + 5*r. Let x be c(12). Determine q(x).
-1
Let h(p) = -2*p**2 + 2*p + 11. Let k(t) = t**2 - 4. Let f(j) = 2*h(j) + 5*k(j). Give f(-3).
-1
Let m(h) = -h**2 - h + 3. Suppose -66 = 3*c + 30*c. Determine m(c).
1
Let o(m) = m**2 - 15*m + 4. Let z be (13 - 14)*(1 + -16). Give o(z).
4
Suppose 3*n + 9 = 6*n. Suppose c - n = 1. Let q = c + 2. Let d(v) = -v**2 + 5*v + 6. Give d(q).
0
Let b be -2 + (-24)/(-6) + 1*2. Let f(n) = 3*n + 8 - 1 - b*n + 0*n. Calculate f(6).
1
Let j(m) be the third derivative of -m**4/24 + m**3/6 - m**2 + 14. Give j(8).
-7
Let t(z) = 81*z + 26. Let r(f) = -20*f - 4. Let q(u) = 4*r(u) + t(u). Suppose -5*y - 5 = 5*n, -4*n + 17 = 1. Give q(y).
5
Let v(u) be the first derivative of u**3/3 + 5*u**2/2 + 21. Determine v(-6).
6
Let r(w) be the first derivative of -w**4/4 + 2*w**3 - 3*w**2/2 + 4*w + 24. Calculate r(3).
22
Let r(c) = 5*c + 1. Let j be (-15)/(1 - 6) - -3. What is r(j)?
31
Let n = 114 + -112. Suppose -2*u + 3*s - 2 = 0, 3*u + 2*s = -2*u + 14. Let x(d) = -6*d - d**u + 0*d + 4*d + d. Determine x(n).
-6
Suppose -12 = -4*p, -p - 157 = -5*k - 5*p. Suppose 0 = -2*m + j + 3, 2*m + 3 = -5*j + 12. Let g(f) = 23*f**m + f - f - k*f**2 - 1. Give g(1).
-7
Let v(b) be the second derivative of 2*b**3/3 + 19*b**2/2 - 147*b - 2. Calculate v(-3).
7
Let y(w) = w**3 + 7*w**2 + 5*w - 10. Suppose -v = -5*z - 33, -2*v + 5 = -z - 7. Calculate y(z).
-4
Suppose 0*m = -2*m + 6. Suppose 5*a = -0*a + 15. Let g(u) = -3 + 3*u**2 + 10*u**3 - 11*u**3 - a*u + 4*u**2 - 3*u**2. Determine g(m).
-3
Let q(h) = -2*h**2 - 12*h + 7. Let y be q(-6). Let w(j) = -j**2 + 8*j - 9. Let g be w(y). Let m(u) = 3*u - 1. Calculate m(g).
-7
Let n be 2/(-3)*39/26*-1. Suppose 4*w = 2*g + 2, -g + n = -0*w - w. Let v(a) = a. Give v(w).
2
Let s(w) = -w + 3. Suppose 2*k = 5*k - 5*k. Determine s(k).
3
Let z(y) = y - 7 - 15 + 7. Suppose 0*l = -2*l - l. What is z(l)?
-15
Let q(y) = 8*y + 2. Suppose -39*p - 36 = -3*p. Give q(p).
-6
Let t = -1840 + 1846. Let i(q) be the third derivative of q**4/24 + q**3/6 - 2*q**2. Calculate i(t).
7
Let f(q) = 2 - 1 - 8*q**2 + 3*q**3 - 8*q - 2*q**3. Let d(x) = -94*x - 2153. Let o be d(-23). What is f(o)?
10
Let p(f) be the first derivative of f**3/3 - 3*f**2 - 6*f + 81. Give p(7).
1
Let c(q) = q**2 + 1. Let v be -1 + -8 + (10 - -5). Give c(v).
37
Suppose -3*z - 5*k = 26, 2*k = -3*z + 9 - 41. Let n(f) = f**2 + 14*f + 13. Calculate n(z).
-11
Let r = 6 + -4. Let o(l) be the first derivative of l**4/6 - 2*l**3/3 + l**2 + l - 7. Let i(q) be the first derivative of o(q). Give i(r).
2
Let u(o) = 22*o - 33*o - 7 + 18*o - 2*o**2 + o**2. Calculate u(8).
-15
Let n(j) be the first derivative of -j**2/2 + j - 1. Let i(h) = -h + 13. Let q be i(9). Suppose q*o + 8 = -0*o - 2*p, -2*o + 4*p = -6. Calculate n(o).
2
Let b(y) = y**3 - 6*y**2 + 3*y - 4. Let s be (1092/455)/((-4)/(-10)). Give b(s).
14
Suppose 0 = 5*q - 5, 3*q - 2*q - 85 = -2*j. Suppose 0 = 2*k + 3*k - 4*a + j, -36 = 4*k - 2*a. Let d(m) = -m**2 - 10*m - 2. Determine d(k).
-2
Let h(f) be the third derivative of f**4/24 - f**3/6 + 46*f**2. Let p = 2 + -2. Give h(p).
-1
Suppose -4*z = 3*q - 71, 0*q - 4*q = -4*z + 92. Let x(d) = -5 - 48*d**2 + 29*d**2 + z*d**2. Let u = -1 + 1. Determine x(u).
-5
Suppose -h + 1 = -z, -7 = 4*z - h - 6. Let c(j) be the third derivative of z + 0*j - 1/12*j**4 + 4*j**2 + 0*j**3. What is c(-5)?
10
Let c(p) = -p**3 - 4*p**2 - p + 3. Let z = 67 - 54. Let s = z + -16. Calculate c(s).
-3
Let q be 1 + 7 + (1 - 1). Let h be -12*(0 + 4/q). Let i(v) = -v**2 - 5*v + 5. Determine i(h).
-1
Let w(v) be the third derivative of 2*v**2 - 1/60*v**5 + 1/12*v**4 + 0 + 1/3*v**3 + 0*v. Let t = -154 + 151. What is w(t)?
-13
Let i be ((-30)/8)/(11/(-44)). Let s(d) = d - 11 + i - 13. Determine s(7).
-2
Let f = -33 + 34. Suppose -2*v + p = -f, 3*p = -v - 0*p - 3. Let a(n) = n**2 - n + 6. Give a(v).
6
Let g(l) be the first derivative of 2*l + 1 - 5/2*l**2. Calculate g(-3).
17
Let r(w) = 3*w + 5. Let v be r(-2). Let l be 1/(v - 8/(-7)). Let z = l + -13. Let a(k) = k**2 + 5*k - 6. Determine a(z).
0
Let t(o) = o**2 - 1. Suppose w = -r + 10, -w + 23 = 2*r - 2*w. Let j = 11 - r. What is t(j)?
-1
Let b(l) = l**3 + 6*l**2 - 2*l - 9. Let v be b(-6). Let c(x) = -x - x + 1 + 5*x. Determine c(v).
10
Let r(k) = -k**2 + k + 2. Let o(z) be the first derivative of -z + 2. Let a(j) = 2*o(j) + r(j). Let p be a(-1). Let c(l) = 5*l + 3. Calculate c(p).
-7
Let t(q) = 2*q - 7*q**2 + 5 + q + 3*q**2 + q**3. Suppose -27 = -23*j + 20*j + 5*l, 3*l = -2*j - 1. Calculate t(j).
17
Let w(j) = -2*j. Let x be 4/(-14) + (-144)/(-14). Suppose -36 = 5*v + 4*b - x, -5*v = -3*b - 2. Give w(v).
4
Let w(r) be the third derivative of -1/720*r**6 + 0*r**3 + 0 + 0*r - 6*r**2 + 1/3*r**4 - 1/40*r**5. Let m(j) be the second derivative of w(j). Give m(-2).
-1
Let z(a) be the first derivative of -a**4/4 - 8*a**3/3 - 9*a**2/2 - 10*a - 4. Let n = 1538 + -1545. What is z(n)?
4
Let i(d) = -8*d - 111. Let v be i(-14). Let c(h) = h**2. Determine c(v).
1
Let f(i) be the first derivative of -5*i**2/2 + 8*i + 591. Determine f(0).
8
Let n be 13/3 - 6/(-9). Suppose 3*o = -t + 14, -3*o + 6*t - 8*t = -19. Let d(r) = 0*r - 7 + 3*r + 5*r**2 + 3*r**3 - 4*r**o. What is d(n)?
8
Let y(z) = z**2 - 5*z + 2. Let l = -11 + 21. Suppose 0 = 3*b - 5*b + l. Calculate y(b).
2
Let a(m) be the second derivative of -m**5/20 + 7*m**4/12 - 3*m**3/2 + 5*m**2/2 + 2*m - 2. What is a(6)?
-13
Let j(m) = -m**2 - 6*m. Let h(d) = -d**2 + 4*d + 7. Let r be h(5). Suppose -5*b + 60 = -3*q, 45 = -r*q - 2*q - 5*b. Let x = 9 + q. Determine j(x).
0
Let m(y) = 1 + y - 14*y + 19 + 19*y - 4*y. Determine m(-9).
2
Suppose 2*p = 7*p - 4*p. Let v(r) = p + 1 + 3 - 6 - r. Calculate v(6).
-8
Let v be 75/30 - (-2)/(-4). Let j(u) = -3*u**2 + 2*u + 2. Let k(f) = f**3 + 3*f**2 - 3*f - 3. Let w(p) = -3*j(p) - 2*k(p). Give w(v).
-4
Let b = 73 - 72. Let c(z) = 7*z**2 + 3*z. Let f(k) = k**2 + k. Let p(l) = -c(l) + 2*f(l). What is p(b)?
-6
Let g be (-7 - -8) + (0 - -2). Let a(n) = -g*n**2 - 6*n - n**3 + 7*n + 0*n. What is a(-3)?
-3
Suppose 5*d + 10 = -0*k + 5*k, d + k - 2 = 0. Let j(l) = l**3 - 4*l**2 + l - 1. Let p be j(4). Let r(g) = 2*g + d*g - p + 0*g. Give r(-3).
-9
Let i(f) = -2*f - 6. Suppose -2360*z - 42 = -2374*z. Give i(z).
-12
Let y(p) be the first derivative of p**4/4 - 13*p**3/3 - 5*p**2/2 + 15*p + 253. Determine y(13).
-50
Let w(n) = 3*n + 11. Let p(c) = 4*c + 13. Let l(x) = 5*p(x) - 6*w(x). What is l(3)?
5
Suppose 0 = 3*a - 0*a. Suppose 4 = j - 5*j. Let v(t) = t**2 - t + 11. Let s(h) = 1. Let b(k) = j*v(k) + 6*s(k). Give b(a).
-5
Suppose 0 = 11*u - 3*u. Let x(l) = 4 + l**2 + 0*l + u*l**2 - 7*l. Determine x(4).
-8
Let w(j) = j**3 - 2*j**2 - 8*j + 1. Let p = -344 - -348. What is w(p)?
1
Suppose 3*g - 9 + 0 = 0. Let f be (-4)/4 - 12/(-3). Let n(u) = -2 - u + u**g - 4 - 2*u**3 - f. Give n(0).
-9
Let r(t) = t + 4. Let h = -270 - -273. What is r(h)?
7
Let b(t) = t**2 - 5*t - 8. Suppose 72 = 26*q - 84. Calculate b(q).
-2
Let x(a) = 3*a**2 - a**2 - 1 + 2*a - 2*a**2 - 3*a**2. Let d(p) = -p**3 + 2*p**2 + 2*p + 5. Let j be d(4). Let z = 21 + j. Determine x(z).
-9
Let r(d) = -d**3 + 6*d**2 + 4*d + 6. Let n(h) = h**2 - 13*h + 47. Let l be n(6). What is r(l)?
51
Let t(y) = y**3 - 10*y**2 + 9*y + 6. Let c be t(9). Let s be 0 + 0 + c/2. Suppose 3*k = -s*k - 30. Let u(j) = j**3 + 5*j**2 - 5. Determine u(k).
-5
Suppose 2*g + 6 = 5*m - 6, -11 = -4*m + 3*g. Let h = 2 + 3. Suppose 4*i - m*k = h*i - 3, 6 = 2*i + 2*k. Let a(o) = -o**3 + 3*o**2 + 2*o - 4. Determine a(i).
2
Let q(j) = -2*j + 26. Let g(d) = -2*d + 7. Let p(w) = -3*g(w) + 2*q(w). Give p(-6).
19
Let g(o) = o**3 + 3*o**2 - 8*o + 2. Let q(i) = 4*i**3 + 12*i